greatest common divisor of 1924 and 37?
37
Calculate the greatest common divisor of 1503 and 18.
9
Calculate the greatest common factor of 1010 and 5.
5
What is the greatest common factor of 26 and 6123?
13
Calculate the highest common factor of 323 and 3043.
17
Calculate the highest common factor of 86610 and 30.
30
Calculate the highest common divisor of 42 and 1806.
42
Calculate the highest common divisor of 2192 and 16.
16
What is the greatest common divisor of 96 and 162?
6
Calculate the highest common divisor of 154 and 286.
22
What is the highest common factor of 548 and 10138?
274
Calculate the highest common divisor of 1272 and 24.
24
Calculate the greatest common divisor of 208 and 572.
52
Calculate the highest common divisor of 47 and 16027.
47
Calculate the highest common divisor of 2234 and 1.
1
Calculate the highest common divisor of 17262 and 18.
18
What is the highest common divisor of 20 and 710?
10
Calculate the greatest common divisor of 63 and 28.
7
Calculate the greatest common divisor of 83 and 10043.
83
Calculate the greatest common divisor of 9 and 153.
9
What is the highest common factor of 45 and 20?
5
What is the greatest common divisor of 32 and 1376?
32
Calculate the greatest common factor of 91 and 13.
13
Calculate the highest common divisor of 66 and 1056.
66
Calculate the highest common divisor of 113 and 11413.
113
Calculate the greatest common divisor of 392 and 504.
56
What is the greatest common factor of 272 and 16?
16
Calculate the greatest common divisor of 168 and 15183.
21
Calculate the highest common divisor of 50 and 98950.
50
Calculate the greatest common factor of 15 and 13.
1
Calculate the highest common factor of 6 and 10.
2
Calculate the highest common divisor of 1 and 422.
1
Calculate the highest common factor of 75 and 200.
25
What is the highest common divisor of 16 and 284?
4
Calculate the greatest common divisor of 396 and 17622.
198
What is the highest common divisor of 1 and 2?
1
Calculate the greatest common divisor of 84 and 348.
12
Calculate the greatest common divisor of 7320 and 240.
120
What is the greatest common divisor of 92 and 644?
92
What is the greatest common factor of 90 and 36090?
90
What is the highest common divisor of 645 and 2064?
129
Calculate the highest common factor of 4154 and 67.
67
What is the greatest common divisor of 704 and 11?
11
What is the greatest common factor of 126 and 16422?
42
What is the highest common divisor of 54 and 1782?
54
What is the greatest common factor of 45 and 5760?
45
What is the highest common divisor of 574 and 34727?
287
Calculate the greatest common divisor of 3712 and 116.
116
Calculate the greatest common divisor of 48 and 5872.
16
What is the greatest common divisor of 23 and 2507?
23
Calculate the greatest common divisor of 112 and 52.
4
Calculate the highest common factor of 82 and 41.
41
What is the greatest common divisor of 60 and 1380?
60
Calculate the highest common divisor of 77 and 6116.
11
Calculate the highest common divisor of 3 and 15.
3
What is the greatest common factor of 98 and 476?
14
Calculate the highest common factor of 1378 and 106.
106
Calculate the highest common factor of 5858 and 303.
101
Calculate the highest common factor of 5425 and 75.
25
Calculate the highest common factor of 2952 and 576.
72
What is the greatest common divisor of 1285 and 5?
5
What is the greatest common divisor of 7373 and 101?
101
What is the highest common divisor of 440 and 352?
88
Calculate the greatest common divisor of 2091 and 123.
123
What is the greatest common factor of 559 and 65?
13
Calculate the greatest common divisor of 152 and 8.
8
Calculate the greatest common divisor of 110 and 77.
11
Calculate the greatest common factor of 243 and 27.
27
Calculate the highest common factor of 4675 and 75.
25
What is the highest common factor of 1737 and 27?
9
Calculate the highest common factor of 361 and 19.
19
What is the highest common divisor of 14 and 40586?
14
What is the greatest common divisor of 2210 and 299?
13
What is the greatest common factor of 108 and 252?
36
Calculate the highest common factor of 1209 and 195.
39
Calculate the greatest common factor of 630 and 360.
90
Calculate the greatest common factor of 74 and 2.
2
What is the highest common factor of 22 and 7?
1
What is the greatest common divisor of 35 and 50120?
35
What is the highest common divisor of 48 and 36?
12
What is the highest common factor of 56 and 56?
56
What is the greatest common divisor of 21 and 1701?
21
Calculate the greatest common factor of 75 and 390.
15
What is the highest common factor of 92 and 69?
23
What is the highest common divisor of 51 and 493?
17
What is the greatest common factor of 13336 and 16?
8
What is the greatest common factor of 8652 and 7?
7
Calculate the greatest common divisor of 60 and 280.
20
Calculate the highest common factor of 8295 and 525.
105
What is the highest common divisor of 24 and 1320?
24
Calculate the highest common factor of 22 and 11.
11
Calculate the highest common factor of 288 and 1632.
96
Calculate the highest common divisor of 991 and 1.
1
What is the highest common divisor of 24 and 72?
24
What is the greatest common divisor of 43 and 129?
43
Calculate the highest common divisor of 350 and 6475.
175
What is the highest common factor of 5540 and 160?
20
Calculate the greatest common divisor of 5516 and 28.
28
What is the highest common divisor of 144 and 45?
9
What is the greatest common divisor of 70 and 910?
70
Calculate the highest common factor of 7305 and 240.
15
What is the highest common divisor of 1491 and 781?
71
What is the greatest common factor of 630 and 5166?
126
Calculate the highest common factor of 3741 and 15.
3
Calculate the highest common divisor of 4619 and 1639.
149
What is the greatest common divisor of 522 and 72?
18
Calculate the highest common factor of 1074 and 120.
6
Calculate the highest common factor of 98 and 266.
14
What is the highest common factor of 104 and 221?
13
What is the greatest common divisor of 1023 and 33?
33
What is the highest common divisor of 18 and 98?
2
What is the greatest common divisor of 270 and 240?
30
What is the greatest common divisor of 41285 and 230?
115
Calculate the highest common divisor of 17 and 85.
17
What is the greatest common factor of 690 and 300?
30
What is the greatest common divisor of 99 and 48?
3
What is the highest common factor of 32 and 11744?
32
Calculate the highest common factor of 10 and 90.
10
Calculate the greatest common divisor of 3 and 17.
1
What is the highest common factor of 306 and 578?
34
What is the highest common factor of 118 and 1829?
59
Calculate the highest common factor of 264 and 44616.
264
Calculate the highest common factor of 14 and 45080.
14
Calculate the highest common factor of 73 and 1.
1
What is the highest common divisor of 405 and 145?
5
Calculate the greatest common factor of 1131 and 117.
39
Calculate the greatest common factor of 9282 and 39.
39
What is the greatest common factor of 36428 and 28?
28
What is the greatest common factor of 574 and 49?
7
What is the greatest common divisor of 21904 and 16?
16
Calculate the highest common factor of 72 and 20028.
12
Calculate the highest common factor of 20 and 68.
4
What is the highest common factor of 84 and 84?
84
Calculate the highest common factor of 84 and 1372.
28
Calculate the highest common factor of 21810 and 15.
15
What is the highest common divisor of 194 and 9506?
194
What is the highest common factor of 204 and 84?
12
What is the greatest common divisor of 726 and 594?
66
Calculate the greatest common divisor of 154 and 7.
7
What is the greatest common divisor of 696 and 1305?
87
Calculate the highest common divisor of 448 and 420.
28
Calculate the highest common divisor of 2292 and 12.
12
Calculate the highest common factor of 1984 and 576.
64
Calculate the greatest common divisor of 1633 and 23.
23
What is the greatest common divisor of 480 and 24?
24
Calculate the greatest common factor of 165 and 3905.
55
Calculate the greatest common factor of 675 and 10.
5
What is the greatest common factor of 80 and 580?
20
Calculate the greatest common factor of 816 and 17.
17
Calculate the highest common factor of 176 and 16.